{"id":2689,"date":"2025-12-02T19:40:01","date_gmt":"2025-12-02T19:40:01","guid":{"rendered":"https:\/\/neesdev.fch.unicen.edu.ar\/?page_id=2689"},"modified":"2026-04-15T18:28:49","modified_gmt":"2026-04-15T18:28:49","slug":"proyectos","status":"publish","type":"page","link":"https:\/\/neesdev.fch.unicen.edu.ar\/index.php\/proyectos\/","title":{"rendered":"Proyectos"},"content":{"rendered":"\t\t<div data-elementor-type=\"wp-page\" data-elementor-id=\"2689\" class=\"elementor elementor-2689\">\n\t\t\t\t<div class=\"elementor-element elementor-element-0e344f1 e-con-full e-flex e-con e-parent\" data-id=\"0e344f1\" data-element_type=\"container\" data-e-type=\"container\" data-settings=\"{&quot;background_background&quot;:&quot;gradient&quot;,&quot;shape_divider_bottom&quot;:&quot;tilt&quot;}\">\n\t\t\t\t<div class=\"elementor-shape elementor-shape-bottom\" aria-hidden=\"true\" data-negative=\"false\">\n\t\t\t<svg xmlns=\"http:\/\/www.w3.org\/2000\/svg\" viewBox=\"0 0 1000 100\" preserveAspectRatio=\"none\">\n\t<path class=\"elementor-shape-fill\" d=\"M0,6V0h1000v100L0,6z\"\/>\n<\/svg>\t\t<\/div>\n\t\t\t\t<div class=\"elementor-element elementor-element-9feefce elementor-widget elementor-widget-elementskit-heading\" data-id=\"9feefce\" data-element_type=\"widget\" data-e-type=\"widget\" data-widget_type=\"elementskit-heading.default\">\n\t\t\t\t\t<div class=\"ekit-wid-con\" ><div class=\"ekit-heading elementskit-section-title-wraper text_left   ekit_heading_tablet-   ekit_heading_mobile-text_left\"><h2 class=\"ekit-heading--title elementskit-section-title \">Proyectos<\/h2><div class=\"ekit_heading_separetor_wraper ekit_heading_elementskit-border-divider ekit-dotted\"><div class=\"elementskit-border-divider ekit-dotted\"><\/div><\/div><\/div><\/div>\t\t\t\t<\/div>\n\t\t\t\t<\/div>\n\t\t<div class=\"elementor-element elementor-element-4afef42 e-flex e-con-boxed e-con e-parent\" data-id=\"4afef42\" data-element_type=\"container\" data-e-type=\"container\">\n\t\t\t\t\t<div class=\"e-con-inner\">\n\t\t\t\t<div class=\"elementor-element elementor-element-610dd7a elementor-widget elementor-widget-elementskit-heading\" data-id=\"610dd7a\" data-element_type=\"widget\" data-e-type=\"widget\" data-widget_type=\"elementskit-heading.default\">\n\t\t\t\t\t<div class=\"ekit-wid-con\" ><div class=\"ekit-heading elementskit-section-title-wraper text_center   ekit_heading_tablet-   ekit_heading_mobile-\"><h2 class=\"ekit-heading--title elementskit-section-title \">Programa de Incentivos \u2013 ME, SPU<\/h2><div class=\"ekit_heading_separetor_wraper ekit_heading_elementskit-border-divider ekit-dotted\"><div class=\"elementskit-border-divider ekit-dotted\"><\/div><\/div><\/div><\/div>\t\t\t\t<\/div>\n\t\t\t\t\t<\/div>\n\t\t\t\t<\/div>\n\t\t<div class=\"elementor-element elementor-element-5931a04 e-con-full e-flex e-con e-parent\" data-id=\"5931a04\" data-element_type=\"container\" data-e-type=\"container\">\n\t\t\t\t<div class=\"elementor-element elementor-element-c5f0ca6 elementor-widget elementor-widget-text-editor\" data-id=\"c5f0ca6\" data-element_type=\"widget\" data-e-type=\"widget\" id=\"Araujo_corrado\" data-widget_type=\"text-editor.default\">\n\t\t\t\t\t\t\t\t\t<h5>\u201cLos procesos de formaci\u00f3n universitaria en el contexto de emergencia sanitaria. Experiencias estudiantiles y pr\u00e1cticas de ense\u00f1anza en carreras profesionales de la UNICEN (2020-2021)\u201d<\/h5><p><strong><em>SPU \u2013 C\u00f3digo: 03\/D331<\/em><\/strong><\/p><p>Directora: <a href=\"https:\/\/neesdev.fch.unicen.edu.ar\/index.php\/integrantes\/#araujo_s\" target=\"_blank\" rel=\"noopener\"><strong>Dra. Sonia Araujo<\/strong><\/a><br \/>Co-Directora: <a href=\"https:\/\/neesdev.fch.unicen.edu.ar\/index.php\/integrantes\/#corrado_r\" target=\"_blank\" rel=\"noopener\"><strong>Dra. Rosana Corrado<\/strong><\/a><\/p><p>Per\u00edodo: 01\/2022 al 12\/2025 (prorrogado)<br \/>Integrantes: Investigadores: <a href=\"https:\/\/neesdev.fch.unicen.edu.ar\/index.php\/integrantes\/#eizaguirre_d\" target=\"_blank\" rel=\"noopener\">Eizaguirre, Daniela<\/a>; <a href=\"https:\/\/neesdev.fch.unicen.edu.ar\/index.php\/integrantes\/#laxalt_i\" target=\"_blank\" rel=\"noopener\">Laxalt, Irene<\/a>; <a href=\"https:\/\/neesdev.fch.unicen.edu.ar\/index.php\/integrantes\/#mastrocola_m\" target=\"_blank\" rel=\"noopener\">Mastrocola, Marcela<\/a>; <a href=\"https:\/\/neesdev.fch.unicen.edu.ar\/index.php\/integrantes\/#venanzi_g\" target=\"_blank\" rel=\"noopener\">Venanzi, Guadalupe<\/a>; <a href=\"https:\/\/neesdev.fch.unicen.edu.ar\/index.php\/integrantes\/#verellen_e\" target=\"_blank\" rel=\"noopener\">Verell\u00e9n, Mar\u00eda Eugenia<\/a>; <a href=\"https:\/\/neesdev.fch.unicen.edu.ar\/index.php\/integrantes\/#santiago_m\" target=\"_blank\" rel=\"noopener\">Santiago, Macarena<\/a>; <a href=\"https:\/\/neesdev.fch.unicen.edu.ar\/index.php\/integrantes\/#surge_i\" target=\"_blank\" rel=\"noopener\">Surge, Iv\u00e1n<\/a>.<br \/>Colaboradores: Walker, Ver\u00f3nica; Gramuglia, Laura; R\u00edos Cardozo, Nelson; Su\u00e1rez, Daniel; Galv\u00e1n, Iris; Da Souza, Narella.<\/p>\t\t\t\t\t\t\t\t<\/div>\n\t\t\t\t<div class=\"elementor-element elementor-element-970760c elementor-widget elementor-widget-text-editor\" data-id=\"970760c\" data-element_type=\"widget\" data-e-type=\"widget\" id=\"zelaya_dimarco\" data-widget_type=\"text-editor.default\">\n\t\t\t\t\t\t\t\t\t<h5>\u201cLa educaci\u00f3n superior argentina en el contexto latinoamericano durante el primer cuarto del Siglo XXI. Pol\u00edticas p\u00fablicas e institucionales, gobierno, gesti\u00f3n y planeamiento: actores y territorios\u201d<\/h5><p><strong><em>SPU- C\u00f3digo 03\/D332 &#8211; DISPOSICI\u00d3N N\u00b0 085\/2022 SCAyT<\/em><\/strong><\/p><p>Directora: <a href=\"https:\/\/neesdev.fch.unicen.edu.ar\/index.php\/integrantes\/#zelaya_m\" target=\"_blank\" rel=\"noopener\"><strong>Dra. Marisa Zelaya<\/strong><\/a><br \/>Co-Directora: <a href=\"https:\/\/neesdev.fch.unicen.edu.ar\/index.php\/integrantes\/#dimarco_c\" target=\"_blank\" rel=\"noopener\"><strong>Mag. Mar\u00eda Cecilia Di Marco<\/strong><\/a><\/p><p>Per\u00edodo: 01\/01\/2022- 31\/12\/2025 (prorrogado)<br \/>Integrantes: <a href=\"https:\/\/neesdev.fch.unicen.edu.ar\/index.php\/integrantes\/#urdampilleta_d\" target=\"_blank\" rel=\"noopener\">Urdampilleta, Ana Daniela<\/a>; <a href=\"https:\/\/neesdev.fch.unicen.edu.ar\/index.php\/integrantes\/#bianchini_ml\" target=\"_blank\" rel=\"noopener\">Bianchini, Ma. Laura<\/a>\u00a0y <a href=\"https:\/\/neesdev.fch.unicen.edu.ar\/index.php\/integrantes\/#saad_s\" target=\"_blank\" rel=\"noopener\">Saad, Silvina Liliana<\/a>.<br \/>Colaboradores: Santin, Ana Silvina; Bustos, Mar\u00eda Elena; Mench\u00f3n, Nerina y Garc\u00eda, Luc\u00eda.<br \/>Tesistas Postgrado: Doctorado: Barros Ribeiro, Leandro; Rodr\u00edguez Barreno, Yesenia Del Pilar; Arena, Aurora.<\/p><p>Maestr\u00eda: G\u00f3mez Rodr\u00edguez, Wenceslao Ernesto;\u00a0 S\u00e1nchez, Graciela; Flores, Ma. Laura; Monfort, M\u00f3nica R.; Montaruli, Gabriel.<\/p><p>Especializaci\u00f3n: Cepeda, Agustina y Cejas, Soledad.<\/p><p>Grado: Castiglione, Tamara; Mainini Meder, Analy; Melnek, Claudia; Gogorza, Agustina; Santiago, Yanina; Moreira, Carolina.<\/p>\t\t\t\t\t\t\t\t<\/div>\n\t\t\t\t<div class=\"elementor-element elementor-element-05d5ef1 elementor-widget elementor-widget-text-editor\" data-id=\"05d5ef1\" data-element_type=\"widget\" data-e-type=\"widget\" id=\"fanaro\" data-widget_type=\"text-editor.default\">\n\t\t\t\t\t\t\t\t\t<h5>\u201cFormaci\u00f3n docente y pr\u00e1cticas de ense\u00f1anza en las aulas de nivel inicial y primario: investigando la experiencia educativa\u201d<\/h5><p><strong><em>SPU \u2013 C\u00f3digo: 03\/D333<\/em><\/strong><\/p><p>Directora: <strong>\u00a0<a href=\"https:\/\/neesdev.fch.unicen.edu.ar\/index.php\/integrantes\/#fanaro_ma\" target=\"_blank\" rel=\"noopener\">Dra. Mar\u00eda de los \u00c1ngeles Fanaro<\/a><\/strong><\/p><p>Per\u00edodo: 01\/2022 al 12\/2025 (prorrogado)<br \/>Integrantes:<br \/>Investigadores: <a href=\"https:\/\/neesdev.fch.unicen.edu.ar\/index.php\/integrantes\/#baldoni_m\" target=\"_blank\" rel=\"noopener\">Baldoni, Mar\u00eda Mercedes<\/a>; <a href=\"https:\/\/neesdev.fch.unicen.edu.ar\/index.php\/integrantes\/#barron_p\" target=\"_blank\" rel=\"noopener\">Barr\u00f3n, Mar\u00eda P\u00eda<\/a>; <a href=\"https:\/\/neesdev.fch.unicen.edu.ar\/index.php\/integrantes\/#ballester_a\" target=\"_blank\" rel=\"noopener\">Ballester, Mar\u00eda Alejandra<\/a>; <a href=\"https:\/\/neesdev.fch.unicen.edu.ar\/index.php\/integrantes\/#pinna_a\" target=\"_blank\" rel=\"noopener\">Pinna, Adriana<\/a>; <a href=\"https:\/\/neesdev.fch.unicen.edu.ar\/index.php\/integrantes\/#sandoval_j\" target=\"_blank\" rel=\"noopener\">Sandoval, Jorgelina<\/a>; <a href=\"https:\/\/neesdev.fch.unicen.edu.ar\/index.php\/integrantes\/#iannone_n\" target=\"_blank\" rel=\"noopener\">Iannone, Nancy<\/a>; <a href=\"https:\/\/neesdev.fch.unicen.edu.ar\/index.php\/integrantes\/#canciani_v\" target=\"_blank\" rel=\"noopener\">Canciani, Ver\u00f3nica<\/a>; Erdmann, Mar\u00eda Cruz; <a href=\"https:\/\/neesdev.fch.unicen.edu.ar\/index.php\/integrantes\/#tolosa_b\" target=\"_blank\" rel=\"noopener\">Tolosa, Barbara<\/a>; <a href=\"https:\/\/neesdev.fch.unicen.edu.ar\/index.php\/integrantes\/#zanotti_f\" target=\"_blank\" rel=\"noopener\">Zanotti, Florencia<\/a>; <a href=\"https:\/\/neesdev.fch.unicen.edu.ar\/index.php\/integrantes\/#laxalt_i\" target=\"_blank\" rel=\"noopener\">Laxalt, Irene<\/a>; <a href=\"https:\/\/neesdev.fch.unicen.edu.ar\/index.php\/integrantes\/#izuzquiza_v\" target=\"_blank\" rel=\"noopener\">Izuzquiza, Viviana<\/a>.<br \/>Colaboradores: Elgue, Mariana; Dom\u00ednguez, Mar\u00eda Alejandra.<br \/>Tesistas de Postgrado\/Becarios: Lemma. Iara (Becaria CIC 2025-2026) Segovia, Catalina (Becaria INI-UNICEN 2024-2025). Moles, Delfina (Becaria EV CIN).<\/p>\t\t\t\t\t\t\t\t<\/div>\n\t\t\t\t<div class=\"elementor-element elementor-element-c160690 elementor-widget elementor-widget-text-editor\" data-id=\"c160690\" data-element_type=\"widget\" data-e-type=\"widget\" id=\"diaz_sgro\" data-widget_type=\"text-editor.default\">\n\t\t\t\t\t\t\t\t\t<h5>\u201cIluminismo y Pensamiento cr\u00edtico latinoamericano, dos tradiciones en di\u00e1logo. Nexos te\u00f3ricos y pol\u00edtico- pedag\u00f3gicos\u201d<\/h5><p><strong><em>SPU \u2013 C\u00f3digo: 03\/D334<\/em><\/strong><\/p><p>Directora: <a href=\"https:\/\/neesdev.fch.unicen.edu.ar\/index.php\/integrantes\/#diaz_a\" target=\"_blank\" rel=\"noopener\"><strong>Dra. Andrea D\u00edaz<\/strong><\/a><br \/>Co-Directora: <a href=\"https:\/\/neesdev.fch.unicen.edu.ar\/index.php\/integrantes\/#sgro_m\" target=\"_blank\" rel=\"noopener\"><strong>Dra. Margarita Sgr\u00f3<\/strong><\/a><\/p><p>Per\u00edodo: 01\/01\/2022 al 31\/12\/2025 (prorrogado)<br \/>Integrantes: <a href=\"https:\/\/neesdev.fch.unicen.edu.ar\/index.php\/integrantes\/#olivera_a\" target=\"_blank\" rel=\"noopener\">Olivera, Mar\u00eda Alejandra<\/a>; <a href=\"https:\/\/neesdev.fch.unicen.edu.ar\/index.php\/integrantes\/#pafundi_c\" target=\"_blank\" rel=\"noopener\">Pafundi, C\u00e9sar<\/a>.<br \/>Tesistas de Posgrado: Ag\u00fcero, Luciano; Guerrero, M.; Pellizi, H.; Lamaita, Celeste; Szervinsks Soarez Silva, N.; Alves Silva, E.; Da Silva Ribeiro, V.; Pane, Silvina; Salas, M.; D\u00edaz, L.; Romero, M.<br \/>Tesistas de grado\/becarios: Aldaz, A.; Giaconi, V.; Goenaga, T.; Casado, M.; Melina Ferez (Becaria EVCIN 2025-2026).<\/p>\t\t\t\t\t\t\t\t<\/div>\n\t\t\t\t<div class=\"elementor-element elementor-element-ab70fb8 elementor-widget elementor-widget-text-editor\" data-id=\"ab70fb8\" data-element_type=\"widget\" data-e-type=\"widget\" id=\"renata\" data-widget_type=\"text-editor.default\">\n\t\t\t\t\t\t\t\t\t<h5>\u201cPrograma Historia, Pol\u00edtica y Educaci\u00f3n \u2013 IV Etapa\u201d<\/h5><p><strong><em>SPU \u2013 C\u00f3digo: 03\/D345<\/em><\/strong><\/p><p>Directora: <a href=\"https:\/\/neesdev.fch.unicen.edu.ar\/index.php\/integrantes\/#giovine_r\" target=\"_blank\" rel=\"noopener\"><strong>Dra. Renata Giovine<\/strong><\/a><br \/>Co-Directora: <a href=\"https:\/\/neesdev.fch.unicen.edu.ar\/index.php\/integrantes\/#mendez_j\" target=\"_blank\" rel=\"noopener\"><strong>Dra. Jorgelina M\u00e9ndez<\/strong><\/a><\/p><p>Per\u00edodo: 01\/01\/23 hasta 31\/12\/26<\/p><h6>Proyecto 1: \u00abPOL\u00cdTICAS Y PR\u00c1CTICAS EDUCATIVAS EN TERRITORIO. Gobierno, estrategias e identidades escolares\u00bb<\/h6><h6><em>SPU\/C\u00f3digo: 03\/D345 A<\/em><\/h6><p>Directora:\u00a0 <strong><a href=\"https:\/\/neesdev.fch.unicen.edu.ar\/index.php\/integrantes\/#giovine_r\" target=\"_blank\" rel=\"noopener\">Dra. Renata Giovine<\/a><br \/><\/strong>Co-directora: <a href=\"https:\/\/neesdev.fch.unicen.edu.ar\/index.php\/integrantes\/#go\u00f1i_j\" target=\"_blank\" rel=\"noopener\"><strong>Mag. Judit Go\u00f1i<\/strong><\/a><\/p><p><span style=\"font-size: 16px;\">Integrantes:<br \/><a href=\"https:\/\/neesdev.fch.unicen.edu.ar\/index.php\/integrantes\/#bianchini_ml\" target=\"_blank\" rel=\"noopener\">Bianchini, M. Laura<\/a>; <a href=\"https:\/\/neesdev.fch.unicen.edu.ar\/index.php\/integrantes\/#correa_n\" target=\"_blank\" rel=\"noopener\">Correa, Natalia<\/a>; <a href=\"https:\/\/neesdev.fch.unicen.edu.ar\/index.php\/integrantes\/#cuchan_n\" target=\"_blank\" rel=\"noopener\">Cuchan, Natalia<\/a>; Martignoni, Liliana; <a href=\"https:\/\/neesdev.fch.unicen.edu.ar\/index.php\/integrantes\/#suasnabar_j\" target=\"_blank\" rel=\"noopener\">Suasn\u00e1bar, Juan<\/a>.<\/span><\/p><h6>Proyecto 2: \u00abTrayectoria de pol\u00edticas educativas, reformas y derechos de la ni\u00f1ez en la trama presente-pasado reciente\u00bb<\/h6><h6><em>SPU\/C\u00f3digo: 03\/D345 B<\/em><\/h6><p>Directora: <a href=\"https:\/\/neesdev.fch.unicen.edu.ar\/index.php\/integrantes\/#ridao_a\" target=\"_blank\" rel=\"noopener\"><strong>Mag. \u00c1ngela Ridao<\/strong><\/a><br \/>Co-directora: <a href=\"https:\/\/neesdev.fch.unicen.edu.ar\/index.php\/integrantes\/#mendez_j\" target=\"_blank\" rel=\"noopener\"><strong>Dra. Jorgelina M\u00e9ndez<\/strong><\/a><\/p><p><span style=\"font-size: 16px;\">Integrantes:<br \/><a href=\"https:\/\/neesdev.fch.unicen.edu.ar\/index.php\/integrantes\/#centeno_s\" target=\"_blank\" rel=\"noopener\">Centeno, Silvina<\/a>; <a href=\"https:\/\/neesdev.fch.unicen.edu.ar\/index.php\/integrantes\/#miralles_a\" target=\"_blank\" rel=\"noopener\">Miralles, Anabela<\/a>; <a href=\"https:\/\/neesdev.fch.unicen.edu.ar\/index.php\/integrantes\/#peralta_r\" target=\"_blank\" rel=\"noopener\">Peralta, Rub\u00e9n<\/a>; <a href=\"https:\/\/neesdev.fch.unicen.edu.ar\/index.php\/integrantes\/#vuksinic_n\" target=\"_blank\" rel=\"noopener\">Vuksinic, Natalia<\/a>.<\/span><\/p><p>Tesistas de Postgrado\/Becarios del Programa: Tagliabue, A.; Santill\u00e1n, C.; Lastra, A.; Berardi, Ornela; Gervasoni, M.; Marchetti, Braian.<br \/>Tesistas de grado\/Becarios del Programa: Membrilla Ispiz\u00faa, D.; LLanos, C.; Capponi, J.; Franza Gonz\u00e1lez, M.; Reynoso, M.; Cerdeira, M.; Maddalena, S.; Blanco, S.; Zabala, L.; Compagni Calvo, L.; Minjolou, M.; Segovia, C.; Mateos, L.; Aristegui, E. D\u00edaz, M.F.; Liberatto V.; Robilotte J. ; Francomano M. P.<\/p>\t\t\t\t\t\t\t\t<\/div>\n\t\t\t\t<\/div>\n\t\t\t\t<\/div>\n\t\t","protected":false},"excerpt":{"rendered":"<p>Proyectos Programa de Incentivos \u2013 ME, SPU \u201cLos procesos de formaci\u00f3n universitaria en el contexto de emergencia sanitaria. Experiencias estudiantiles [&hellip;]<\/p>\n","protected":false},"author":1,"featured_media":0,"parent":0,"menu_order":0,"comment_status":"closed","ping_status":"closed","template":"elementor_theme","meta":{"site-sidebar-layout":"no-sidebar","site-content-layout":"","ast-site-content-layout":"full-width-container","site-content-style":"default","site-sidebar-style":"default","ast-global-header-display":"","ast-banner-title-visibility":"","ast-main-header-display":"","ast-hfb-above-header-display":"","ast-hfb-below-header-display":"","ast-hfb-mobile-header-display":"","site-post-title":"disabled","ast-breadcrumbs-content":"","ast-featured-img":"disabled","footer-sml-layout":"disabled","ast-disable-related-posts":"","theme-transparent-header-meta":"default","adv-header-id-meta":"","stick-header-meta":"","header-above-stick-meta":"","header-main-stick-meta":"","header-below-stick-meta":"","astra-migrate-meta-layouts":"set","ast-page-background-enabled":"default","ast-page-background-meta":{"desktop":{"background-color":"var(--ast-global-color-5)","background-image":"","background-repeat":"repeat","background-position":"center center","background-size":"auto","background-attachment":"scroll","background-type":"","background-media":"","overlay-type":"","overlay-color":"","overlay-opacity":"","overlay-gradient":""},"tablet":{"background-color":"","background-image":"","background-repeat":"repeat","background-position":"center center","background-size":"auto","background-attachment":"scroll","background-type":"","background-media":"","overlay-type":"","overlay-color":"","overlay-opacity":"","overlay-gradient":""},"mobile":{"background-color":"","background-image":"","background-repeat":"repeat","background-position":"center center","background-size":"auto","background-attachment":"scroll","background-type":"","background-media":"","overlay-type":"","overlay-color":"","overlay-opacity":"","overlay-gradient":""}},"ast-content-background-meta":{"desktop":{"background-color":"var(--ast-global-color-4)","background-image":"","background-repeat":"repeat","background-position":"center center","background-size":"auto","background-attachment":"scroll","background-type":"","background-media":"","overlay-type":"","overlay-color":"","overlay-opacity":"","overlay-gradient":""},"tablet":{"background-color":"var(--ast-global-color-4)","background-image":"","background-repeat":"repeat","background-position":"center center","background-size":"auto","background-attachment":"scroll","background-type":"","background-media":"","overlay-type":"","overlay-color":"","overlay-opacity":"","overlay-gradient":""},"mobile":{"background-color":"var(--ast-global-color-4)","background-image":"","background-repeat":"repeat","background-position":"center center","background-size":"auto","background-attachment":"scroll","background-type":"","background-media":"","overlay-type":"","overlay-color":"","overlay-opacity":"","overlay-gradient":""}},"footnotes":""},"class_list":["post-2689","page","type-page","status-publish","hentry"],"_links":{"self":[{"href":"https:\/\/neesdev.fch.unicen.edu.ar\/index.php\/wp-json\/wp\/v2\/pages\/2689","targetHints":{"allow":["GET"]}}],"collection":[{"href":"https:\/\/neesdev.fch.unicen.edu.ar\/index.php\/wp-json\/wp\/v2\/pages"}],"about":[{"href":"https:\/\/neesdev.fch.unicen.edu.ar\/index.php\/wp-json\/wp\/v2\/types\/page"}],"author":[{"embeddable":true,"href":"https:\/\/neesdev.fch.unicen.edu.ar\/index.php\/wp-json\/wp\/v2\/users\/1"}],"replies":[{"embeddable":true,"href":"https:\/\/neesdev.fch.unicen.edu.ar\/index.php\/wp-json\/wp\/v2\/comments?post=2689"}],"version-history":[{"count":95,"href":"https:\/\/neesdev.fch.unicen.edu.ar\/index.php\/wp-json\/wp\/v2\/pages\/2689\/revisions"}],"predecessor-version":[{"id":3999,"href":"https:\/\/neesdev.fch.unicen.edu.ar\/index.php\/wp-json\/wp\/v2\/pages\/2689\/revisions\/3999"}],"wp:attachment":[{"href":"https:\/\/neesdev.fch.unicen.edu.ar\/index.php\/wp-json\/wp\/v2\/media?parent=2689"}],"curies":[{"name":"wp","href":"https:\/\/api.w.org\/{rel}","templated":true}]}}